{"id":55,"date":"2016-02-09T10:31:27","date_gmt":"2016-02-09T10:31:27","guid":{"rendered":"https:\/\/8degreethemes.com\/demo\/eightlaw-lite\/?page_id=55"},"modified":"2018-01-19T09:32:27","modified_gmt":"2018-01-19T09:32:27","slug":"rodinnepravo","status":"publish","type":"page","link":"https:\/\/www.kvak.eu\/index.php\/pravnisluzby\/rodinnepravo\/","title":{"rendered":"Rodinn\u00e9 pr\u00e1vo"},"content":{"rendered":"<p>Pr\u00e1vn\u00ed slu\u017eby v oblasti rozvodov\u00e9ho pr\u00e1va, smlouvy upravuj\u00edc\u00ed p\u0159edman\u017eelsk\u00e9 a man\u017eelsk\u00e9 majetkov\u00e9 vztahy, zastupov\u00e1n\u00ed ve sporech o placen\u00ed v\u00fd\u017eivn\u00e9ho, \u00faprava pom\u011br\u016f k nezletil\u00fdm d\u011btem, uplat\u0148ov\u00e1n\u00ed rodi\u010dovsk\u00fdch pr\u00e1v.<\/p>\n","protected":false},"excerpt":{"rendered":"<p>Pr\u00e1vn\u00ed slu\u017eby v oblasti rozvodov\u00e9ho pr\u00e1va, smlouvy upravuj\u00edc\u00ed p\u0159edman\u017eelsk\u00e9 a man\u017eelsk\u00e9 majetkov\u00e9 vztahy, zastupov\u00e1n\u00ed ve sporech o placen\u00ed v\u00fd\u017eivn\u00e9ho, \u00faprava pom\u011br\u016f k nezletil\u00fdm d\u011btem, uplat\u0148ov\u00e1n\u00ed rodi\u010dovsk\u00fdch pr\u00e1v.<\/p>\n","protected":false},"author":1,"featured_media":0,"parent":49,"menu_order":0,"comment_status":"closed","ping_status":"closed","template":"","meta":{"footnotes":""},"_links":{"self":[{"href":"https:\/\/www.kvak.eu\/index.php\/wp-json\/wp\/v2\/pages\/55"}],"collection":[{"href":"https:\/\/www.kvak.eu\/index.php\/wp-json\/wp\/v2\/pages"}],"about":[{"href":"https:\/\/www.kvak.eu\/index.php\/wp-json\/wp\/v2\/types\/page"}],"author":[{"embeddable":true,"href":"https:\/\/www.kvak.eu\/index.php\/wp-json\/wp\/v2\/users\/1"}],"replies":[{"embeddable":true,"href":"https:\/\/www.kvak.eu\/index.php\/wp-json\/wp\/v2\/comments?post=55"}],"version-history":[{"count":2,"href":"https:\/\/www.kvak.eu\/index.php\/wp-json\/wp\/v2\/pages\/55\/revisions"}],"predecessor-version":[{"id":468,"href":"https:\/\/www.kvak.eu\/index.php\/wp-json\/wp\/v2\/pages\/55\/revisions\/468"}],"up":[{"embeddable":true,"href":"https:\/\/www.kvak.eu\/index.php\/wp-json\/wp\/v2\/pages\/49"}],"wp:attachment":[{"href":"https:\/\/www.kvak.eu\/index.php\/wp-json\/wp\/v2\/media?parent=55"}],"curies":[{"name":"wp","href":"https:\/\/api.w.org\/{rel}","templated":true}]}}